
2, 7, 73, 2297
What are the prime factors of 757616?
2, 47351
List the prime factors of 203183.
203183
What are the prime factors of 22036204?
2, 5509051
List the prime factors of 984439.
347, 2837
List the prime factors of 2855566.
2, 7, 203969
List the prime factors of 37580.
2, 5, 1879
List the prime factors of 341071.
17, 20063
List the prime factors of 1391584.
2, 43487
List the prime factors of 140489.
37, 3797
What are the prime factors of 158679?
3, 653
What are the prime factors of 598958?
2, 299479
What are the prime factors of 6138928?
2, 383683
List the prime factors of 83854.
2, 41927
What are the prime factors of 271171?
373, 727
What are the prime factors of 7698272?
2, 240571
What are the prime factors of 31123455?
3, 5, 11, 53, 3559
What are the prime factors of 37941354?
2, 3, 11, 37, 5179
What are the prime factors of 772594?
2, 386297
List the prime factors of 2123430.
2, 3, 5, 37, 1913
What are the prime factors of 8076?
2, 3, 673
What are the prime factors of 395782?
2, 197891
What are the prime factors of 128573?
19, 67, 101
List the prime factors of 3504236.
2, 197, 4447
What are the prime factors of 13799967?
3, 4599989
What are the prime factors of 1662312?
2, 3, 69263
What are the prime factors of 893217?
3, 13, 37, 619
What are the prime factors of 160367?
160367
What are the prime factors of 5418723?
3, 1806241
List the prime factors of 2133401.
1217, 1753
List the prime factors of 140926.
2, 31, 2273
What are the prime factors of 1560826?
2, 23, 33931
What are the prime factors of 254960?
2, 5, 3187
What are the prime factors of 4327286?
2, 479, 4517
List the prime factors of 4104141.
3, 41, 61, 547
List the prime factors of 204408.
2, 3, 17, 167
List the prime factors of 12814865.
5, 7, 366139
What are the prime factors of 3591669?
3, 67, 107, 167
What are the prime factors of 1329206?
2, 664603
What are the prime factors of 4813381?
593, 8117
What are the prime factors of 11470142?
2, 89, 64439
What are the prime factors of 1804815?
3, 5, 29, 461
What are the prime factors of 283532?
2, 73, 971
What are the prime factors of 1168975?
5, 19, 23, 107
What are the prime factors of 563942?
2, 281971
What are the prime factors of 2294446?
2, 7, 11, 47, 317
List the prime factors of 85930.
2, 5, 13, 661
What are the prime factors of 490368?
2, 3, 1277
List the prime factors of 170512.
2, 10657
List the prime factors of 6704353.
163, 41131
List the prime factors of 190990.
2, 5, 71, 269
List the prime factors of 1253284.
2, 313321
What are the prime factors of 11090342?
2, 71, 78101
What are the prime factors of 3052864?
2, 47701
List the prime factors of 292566.
2, 3, 48761
What are the prime factors of 205233?
3, 7, 29, 337
List the prime factors of 679736.
2, 84967
What are the prime factors of 69498?
2, 3, 11, 13
List the prime factors of 597889.
597889
What are the prime factors of 1239947?
61, 20327
List the prime factors of 10143898.
2, 5071949
What are the prime factors of 14357426?
2, 19, 377827
What are the prime factors of 2496828?
2, 3, 19, 47, 233
List the prime factors of 1599815.
5, 7, 43, 1063
List the prime factors of 25312.
2, 7, 113
List the prime factors of 702917.
73, 9629
What are the prime factors of 2218137?
3, 739379
What are the prime factors of 1352080?
2, 5, 16901
List the prime factors of 572864.
2, 8951
What are the prime factors of 271722?
2, 3, 11, 23, 179
List the prime factors of 9601300.
2, 5, 96013
List the prime factors of 646977.
3, 215659
List the prime factors of 169223.
197, 859
What are the prime factors of 222670?
2, 5, 7, 3181
What are the prime factors of 10501990?
2, 5, 83, 12653
List the prime factors of 7982618.
2, 7, 41, 13907
What are the prime factors of 824729?
461, 1789
List the prime factors of 1147309.
23, 83, 601
List the prime factors of 218604.
2, 3, 18217
What are the prime factors of 4599221?
11, 293, 1427
What are the prime factors of 72942?
2, 3, 12157
List the prime factors of 2394591.
3, 798197
What are the prime factors of 5544720?
2, 3, 5, 17, 151
What are the prime factors of 245128?
2, 13, 2357
List the prime factors of 1067558.
2, 41, 47, 277
What are the prime factors of 438025?
5, 7, 2503
List the prime factors of 450370.
2, 5, 29, 1553
List the prime factors of 2679577.
37, 72421
List the prime factors of 201358.
2, 83, 1213
What are the prime factors of 233192?
2, 103, 283
What are the prime factors of 3790772?
2, 53, 17881
What are the prime factors of 465355?
5, 11, 8461
What are the prime factors of 2933214?
2, 3, 17, 149, 193
List the prime factors of 5153927.
5153927
List the prime factors of 7528567.
23, 31, 10559
What are the prime factors of 5091878?
2, 11, 23, 29, 347
List the prime factors of 210488.
2, 83, 317
What are the prime factors of 423936?
2, 3, 23
What are the prime factors of 1248741?
3, 13, 821
List the prime factors of 1505077.
7, 127, 1693
What are the prime factors of 460445?
5, 17, 5417
What are the prime factors of 1503081?
3, 167009
What are the prime factors of 301184?
2, 13, 181
List the prime factors of 163086.
2, 3, 7, 11, 353
List the prime factors of 17456675.
5, 61, 11447
What are the prime factors of 13697446?
2, 7, 978389
List the prime factors of 903624.
2, 3, 23, 1637
List the prime factors of 21141.
3, 29
List the prime factors of 998904.
2, 3, 41621
What are the prime factors of 14890024?
2, 1861253
What are the prime factors of 1803279?
3, 601093
What are the prime factors of 96466?
2, 139, 347
What are the prime factors of 771011?
771011
List the prime factors of 11610796.
2, 17, 73, 2339
What are the prime factors of 458424?
2, 3, 6367
List the prime factors of 3850771.
463, 8317
What are the prime factors of 22548228?
2, 3, 353, 5323
What are the prime factors of 1446579?
3, 5953
What are the prime factors of 216399?
3, 53, 1361
What are the prime factors of 19675055?
5, 3935011
What are the prime factors of 2668?
2, 23, 29
List the prime factors of 41440.
2, 5, 7, 37
What are the prime factors of 30800828?
2, 2221, 3467
List the prime factors of 376202.
2, 137, 1373
List the prime factors of 16446578.
2, 8223289
List the prime factors of 4531364.
2, 47, 24103
List the prime factors of 28357.
7, 4051
List the prime factors of 4594580.
2, 5, 19, 107, 113
What are the prime factors of 15268817?
15268817
List the prime factors of 11416909.
7, 1630987
What are the prime factors of 1041475?
5, 41659
List the prime factors of 2699372.
2, 13, 23, 37, 61
List the prime factors of 732120.
2, 3, 5, 6101
List the prime factors of 158161.
158161
What are the prime factors of 109708?
2, 27427
List the prime factors of 1252245.
3, 5, 31, 2693
What are the prime factors of 372029?
7, 53147
What are the prime factors of 5227?
5227
List the prime factors of 161009.
161009
What are the prime factors of 826677?
3, 31, 2963
What are the prime factors of 72746?
2, 36373
What are the prime factors of 8059313?
8059313
What are the prime factors of 767292?
2, 3, 43, 1487
List the prime factors of 9934379.
7, 13, 109169
List the prime factors of 6412136.
2, 801517
What are the prime factors of 6879138?
2, 3, 7, 163789
List the prime factors of 319752.
2, 3, 4441
List the prime factors of 227737.
29, 7853
List the prime factors of 307368.
2, 3, 1423
List the prime factors of 14466141.
3, 535783
What are the prime factors of 883348?
2, 19, 59, 197
List the prime factors of 354729.
3, 23, 53, 97
What are the prime factors of 312479?
89, 3511
What are the prime factors of 4671734?
2, 331, 7057
List the prime factors of 9340221.
3, 11, 383, 739
What are the prime factors of 8983855?
5, 199, 9029
List the prime factors of 1272027.
3, 29, 14621
What are the prime factors of 362184?
2, 3, 15091
List the prime factors of 79269.
3, 26423
List the prime factors of 4523270.
2, 5, 199, 2273
List the prime factors of 660654.
2, 3, 17, 127
What are the prime factors of 3099990?
2, 3, 5, 103333
List the prime factors of 1638397.
37, 44281
List the prime factors of 2267785.
5, 13, 139, 251
What are the prime factors of 3555236?
2, 888809
List the prime factors of 148822.
2, 74411
List the prime factors of 30919092.
2, 3, 2576591
List the prime factors of 6612610.
2, 5, 31, 83, 257
What are the prime factors of 731251?
731251
List the prime